se 3*y - 19 - 3 = h*f, y - 3*f - 10 = 0. What is the units digit of y?
4
Let u(j) = -13*j - 18. What is the units digit of u(-3)?
1
Suppose 10 - 26 = 4*x. Let i = 20 + x. What is the tens digit of i?
1
Suppose 2*y = 5*o - 160, 0 = -3*o - 5*y + 55 + 41. What is the tens digit of o?
3
Let o = -51 + 100. Suppose 3*d - o = -l, 0 = 5*l - 0 + 10. What is the units digit of d?
7
Let m(s) = -s + 2. Suppose 2*t + 3 + 3 = 0. What is the units digit of m(t)?
5
Suppose -q = -0 - 4. Suppose 7*j - q*j - 24 = 0. What is the units digit of j?
8
Let k(f) = 2*f - 6. Suppose -3*r = 2*n + r - 76, 2*n = 3*r + 76. Suppose 0 = -5*w + s + 36, -s = 3*w - n + 10. What is the tens digit of k(w)?
1
Let b = 3 - 0. What is the units digit of b?
3
Suppose -4*d + 79 = 5*u, -d + 10 = -0*d - 2*u. What is the tens digit of d?
1
Let u be (5/4)/((-1)/(-4)). Suppose r + 65 = 3*q, -23 = -q - u*r + 4. What is the tens digit of q?
2
Suppose -2*k - 3*k + 5 = 5*w, -5*w + k = -29. Let l = -1 + w. Suppose -c = -2*s + 2*c + 39, 20 = -l*c. What is the units digit of s?
2
Suppose -10 + 0 = -5*y. Suppose -z + 0*l - 5*l = y, -z = -2*l - 19. What is the tens digit of z?
1
Let o = 47 + -34. Suppose f + 1 = -4, 2*a = f + o. Suppose 15 = 3*q + 2*r - r, -3*r = -a*q + 33. What is the units digit of q?
6
Suppose -3*z - 60 = 4*p - 214, 53 = z + 3*p. Let l be (0 - -2)/(4/z). Suppose f = 5*j - l, -j - f + 16 = f. What is the units digit of j?
6
Suppose -h - 19 = -i - 5*h, 0 = 5*i + 2*h - 59. What is the tens digit of i?
1
Suppose 2*k = -j + 6, k - 5*k - 5*j = -6. Suppose 0*x = 4*x + 92. What is the units digit of x/(-5) + k/10?
5
Suppose -2*c = 7 + 1. Let j = 7 + c. Suppose 0*u - 9 = -u - 3*l, -j = 3*l. What is the tens digit of u?
1
What is the units digit of 6715/17*12/15?
6
Let m(c) = -44*c. What is the tens digit of m(-6)?
6
Let p = -345 - -492. What is the tens digit of p?
4
Let d(p) = -3*p - 2. What is the tens digit of d(-5)?
1
Let j be 6/5*(0 + -5). Let d(w) = -w - 1. Let u be d(j). Let v = 6 + u. What is the units digit of v?
1
Let c be 6/(-5)*(-50)/4. Suppose 0 = -0*z - z + c. Suppose -3*a = -z - 42. What is the tens digit of a?
1
Let o(d) = -d + 3. Let h be o(3). Let c = -2 - h. What is the tens digit of c - (-12 + 0/(-1))?
1
Let w = -23 + 34. What is the units digit of w?
1
Suppose -4*w + 12 = -r + 4, 0 = 2*r. Suppose 0 = y + 3*d - 16, y - 2 = 5*d - 26. Let i = y + w. What is the units digit of i?
3
Let r(n) = 6*n**2 - 4*n - 2. What is the units digit of r(-2)?
0
Let k be -2 - (-4 - 0) - -22. Suppose -g - g = -k. What is the units digit of g?
2
Suppose -5*o - 8 - 32 = 0. Let w(r) = -r**3 - 7*r**2 + 6*r - 6. What is the units digit of w(o)?
0
What is the tens digit of -6*2/(4/(-9))?
2
Suppose 3*h = h, -4*h = -3*l - 6. What is the tens digit of (6/9)/(l/(-63))?
2
Suppose -4*u + 24 = -0*u. What is the units digit of u?
6
Suppose b + b - 4 = 0. What is the units digit of b/(-6)*12/(-4)?
1
Let x(v) = 3*v**2 - 5*v + 11. What is the tens digit of x(11)?
1
Suppose 5*l = -3*k + 13, 21 = 3*l - k + 2. Suppose 0 = -l*z + 5*m - 20, -3*m + 20 = 5*z + 2*m. Suppose z = -3*s - s + 24. What is the units digit of s?
6
Let o(p) = p**3 - p**2 - p. Let c be o(2). Suppose 230 = 5*j - 0*j - 2*g, 142 = 3*j - c*g. What is the tens digit of j?
4
Let h(o) = 19*o**2 - o - 1. What is the units digit of h(-1)?
9
Suppose 0 = 4*g - 12 - 20. What is the units digit of g?
8
Let y(a) = -a**3 + 12*a**2 - 7*a + 35. What is the hundreds digit of y(8)?
2
Suppose -4*l - 3*g + 105 = -62, 3*l = -g + 119. What is the tens digit of l?
3
Let j(o) = 2*o - 1. Let u(d) = -2*d. Let k be u(1). Let m(h) = -h**3 - 2*h**2 - 2*h - 2. Let r be m(k). What is the units digit of j(r)?
3
What is the tens digit of 98/(2 + 1 - (3 + -1))?
9
Let o(c) = 4*c - 1. Let f be o(8). Let s = -14 + f. What is the units digit of s?
7
Let g(i) = -i**3 + 14*i**2 - i + 17. What is the units digit of g(14)?
3
Let g be 1*(2 - 1 - -2). Let h(z) = -z**2 + 4*z. Let p be h(g). Suppose 12 = p*c + 4*x, 2*x - 18 = -4*c + c. What is the units digit of c?
8
What is the tens digit of (-72)/(-6*5/40)?
9
Suppose -p = 3*p - 108. What is the tens digit of p?
2
Let z = 85 + -22. What is the units digit of z?
3
Suppose 0*d = -3*d. Suppose -2*v + 3 = -d*w - w, 0 = 2*v - 4*w + 6. Suppose 0 = -6*s + s - 20, v*s = 5*k - 42. What is the units digit of k?
6
Let m be (4/(-3))/((-6)/18). Suppose 23 = p - m*o, 9 = 5*p - 5*o - 31. What is the units digit of p?
3
Let z(m) = 7*m**2 + 3*m + 3. What is the units digit of z(-4)?
3
Suppose -5*v - 4*b + 10 = -27, 0 = 5*v - 4*b - 53. What is the units digit of (v/6)/(1/2)?
3
Let k(w) = w**2 + 5*w + 7. Let r be k(-5). Suppose 7*f - 9*f = 10. Let z = f + r. What is the units digit of z?
2
Suppose -2*u + 6 = 3*h, -u - 4*h = -3*u - 8. Suppose -4*a + 0*a + 24 = u. What is the units digit of a?
6
Let t = -43 + 75. What is the units digit of t?
2
Let i be 6 - -2 - 0 - 0. Let l = -10 - -6. Let j = l + i. What is the units digit of j?
4
Suppose 3*u + 7 = -4*f + 108, 5*f + 5*u - 120 = 0. Suppose -4 = -2*o + 4*m, -4*o - 4*m + 27 = -f. What is the tens digit of o?
1
Let w = 20 - 14. Let n(u) = u**3 - 4*u**2 - 7*u + 2. What is the units digit of n(w)?
2
Let h = 14 - 8. Let y be -1*4 - h/3. Let g(b) = -b - 3. What is the units digit of g(y)?
3
Let q(d) = d**3 - 5*d**2 - 9*d + 7. Let w be q(6). Let i = 23 + w. What is the tens digit of i?
1
Suppose -45 = -0*b - 5*b. Let w = -8 + b. Suppose 0 = -2*h - w + 3. What is the units digit of h?
1
Let o(m) = m**3 - 12*m**2 + 14*m - 26. Let k = -7 - -18. What is the units digit of o(k)?
7
Let q(v) = -2*v - 14. Let o be q(-11). Let i(x) = 4*x + 20. Let r(p) = p + 7. Let d(w) = -2*i(w) + 7*r(w). What is the units digit of d(o)?
1
Suppose 13 + 6 = u. What is the units digit of u?
9
Suppose 4*a - 3*o + 2*o = -120, -2*o + 150 = -5*a. Let d = 42 + a. Suppose 0 = 4*k - d, -3*k - k + 36 = 3*c. What is the units digit of c?
8
Let m = 10 + -21. Let b(n) = -n**2 - 12*n + 13. Let l be b(m). Let i = l + -17. What is the units digit of i?
7
Let m(d) = 4*d**2 + 2*d + 2. Let o(k) = -5*k**2 - 3*k - 2. Let j(l) = -6*m(l) - 5*o(l). Let b be j(-9). Let y = b + -36. What is the tens digit of y?
1
Let o be (10/(-6))/(5/(-15)). Suppose 0 = -o*u + 108 + 37. What is the units digit of u?
9
Suppose -237 = n - 7*i + 4*i, -863 = 4*n + 5*i. What is the tens digit of 1/(-5) + n/(-10)?
2
Let y(z) = z**3 + 15*z**2 + 12*z + 30. What is the units digit of y(-14)?
8
What is the units digit of 1*(1/4 - 1554/(-24))?
5
Let w = -27 - -71. What is the units digit of w?
4
Suppose 8*o = 5*o + 81. What is the units digit of o?
7
What is the units digit of (-3)/(-1 - (-275)/290)?
8
Let v be 3 + -1 + (18 - 0). Let f = 33 - v. Suppose h + f = 2*h. What is the tens digit of h?
1
Let r(o) = o**2 + 9*o - 15. Let x(k) = -k**2 + 5. Let b be x(-4). What is the units digit of r(b)?
7
Let o(x) = -x**2 + 5*x - 4. Let u be o(3). Let j be ((-8)/2)/(-2)*u. What is the units digit of ((-6)/j - -2)*12?
6
Let f = 53 - 15. What is the units digit of f?
8
Let v(a) = -a**2 - 5*a - 1. Let p be v(-4). Suppose -18 + p = -3*f. Suppose i + f*q + 52 = 4*i, -4*i + 16 = 4*q. What is the units digit of i?
9
Let j(d) = -3*d**2 + 0*d + d**3 - 2*d**2 - d - 2*d**3 + 4. What is the units digit of j(-5)?
9
Suppose 2*j = -j + 123. What is the units digit of j?
1
What is the tens digit of (54/(-5))/((-2)/10)?
5
Let k(j) = -17*j. What is the tens digit of k(-1)?
1
Suppose 5*c - 27 = 4*c. Suppose -3*g - 44 = -3*i - 7*g, 2*i + 5*g = c. What is the units digit of (3 - 8)*i/(-10)?
8
Let i(f) = -f**2 + 4*f + 1. Let m be i(6). Let g = 9 - -9. Let p = g + m. What is the units digit of p?
7
Suppose -r + 6*r = -15. Let h = 6 - r. What is the units digit of h?
9
Suppose -5*u - 14 = 11, 24 = 2*x - 4*u. Suppose 10 = 2*h, h = -3*c + 6*c - 1. Suppose -4*b + x*v = c - 34, -2*v - 8 = -b. What is the units digit of b?
8
Let c(a) = a**2 + 0*a**3 + 9 - a**3 + 6*a**2 + 7*a + 2*a**3. Suppose -14 = -4*m - 38. What is the units digit of c(m)?
3
Suppose -22 - 18 = -4*y. What is the units digit of y/(-1 + -1 - -3)?
0
Let l(a) = 11*a**2 - a. Suppose -4*b + 0*b = 3*x - 7, 5 = x. Let p = -3 - b. What is the units digit of l(p)?
2
Suppose 231 = 17*h - 14*h. Let w = h - 27. What is the tens digit of w?
5
Let f(h) = h**3 - 4*h**2 +